by 45?
24
What is the remainder when 6071 is divided by 758?
7
Calculate the remainder when 3348 is divided by 17.
16
Calculate the remainder when 3548 is divided by 111.
107
Calculate the remainder when 61222 is divided by 8.
6
What is the remainder when 1013454 is divided by 210?
204
Calculate the remainder when 9476 is divided by 741.
584
Calculate the remainder when 2946 is divided by 141.
126
Calculate the remainder when 58677 is divided by 4191.
3
Calculate the remainder when 36600 is divided by 3048.
24
Calculate the remainder when 286550 is divided by 172.
170
Calculate the remainder when 2868 is divided by 809.
441
Calculate the remainder when 14638 is divided by 72.
22
Calculate the remainder when 78798 is divided by 39386.
26
What is the remainder when 50367 is divided by 50365?
2
Calculate the remainder when 177705 is divided by 133.
17
Calculate the remainder when 1256 is divided by 214.
186
What is the remainder when 212036 is divided by 155?
151
What is the remainder when 451482 is divided by 341?
339
Calculate the remainder when 2499 is divided by 2429.
70
What is the remainder when 12711 is divided by 3158?
79
What is the remainder when 10145 is divided by 299?
278
What is the remainder when 95682 is divided by 268?
6
What is the remainder when 21394 is divided by 264?
10
What is the remainder when 18803 is divided by 502?
229
What is the remainder when 24429 is divided by 338?
93
What is the remainder when 60763 is divided by 1160?
443
Calculate the remainder when 219927 is divided by 50.
27
Calculate the remainder when 17148 is divided by 8557.
34
Calculate the remainder when 6344 is divided by 2067.
143
Calculate the remainder when 19691 is divided by 1582.
707
What is the remainder when 1061 is divided by 39?
8
Calculate the remainder when 55837 is divided by 246.
241
What is the remainder when 1495 is divided by 101?
81
What is the remainder when 76864 is divided by 12810?
4
Calculate the remainder when 9461 is divided by 869.
771
What is the remainder when 973 is divided by 35?
28
What is the remainder when 2143159 is divided by 131?
130
Calculate the remainder when 166821 is divided by 239.
238
What is the remainder when 4590 is divided by 1139?
34
Calculate the remainder when 883 is divided by 442.
441
Calculate the remainder when 4875 is divided by 295.
155
Calculate the remainder when 31087 is divided by 362.
317
What is the remainder when 920 is divided by 116?
108
What is the remainder when 32763 is divided by 4678?
17
What is the remainder when 1215 is divided by 58?
55
Calculate the remainder when 4785 is divided by 705.
555
Calculate the remainder when 407845 is divided by 81569.
0
What is the remainder when 1576441 is divided by 253?
251
What is the remainder when 2882 is divided by 441?
236
Calculate the remainder when 1932 is divided by 109.
79
What is the remainder when 13071 is divided by 211?
200
What is the remainder when 14240 is divided by 54?
38
What is the remainder when 24433 is divided by 126?
115
Calculate the remainder when 1520439 is divided by 253405.
9
Calculate the remainder when 22692 is divided by 131.
29
What is the remainder when 61864 is divided by 19?
0
What is the remainder when 501048 is divided by 45548?
20
Calculate the remainder when 6418 is divided by 2132.
22
What is the remainder when 58222 is divided by 116?
106
What is the remainder when 732773 is divided by 121?
118
What is the remainder when 60310 is divided by 26?
16
Calculate the remainder when 253938 is divided by 23.
18
What is the remainder when 17267 is divided by 642?
575
Calculate the remainder when 874 is divided by 210.
34
Calculate the remainder when 1126061 is divided by 563022.
17
Calculate the remainder when 7592 is divided by 230.
2
What is the remainder when 2357037 is divided by 276?
273
What is the remainder when 1315 is divided by 136?
91
What is the remainder when 3370 is divided by 16?
10
Calculate the remainder when 281550 is divided by 98.
94
What is the remainder when 30944 is divided by 40?
24
Calculate the remainder when 10136 is divided by 24.
8
What is the remainder when 1215 is divided by 1212?
3
What is the remainder when 13606 is divided by 648?
646
What is the remainder when 102831 is divided by 307?
293
What is the remainder when 5914322 is divided by 27?
26
What is the remainder when 183 is divided by 167?
16
What is the remainder when 1828 is divided by 481?
385
Calculate the remainder when 11063 is divided by 246.
239
Calculate the remainder when 51160 is divided by 312.
304
Calculate the remainder when 98572 is divided by 404.
400
Calculate the remainder when 813 is divided by 271.
0
What is the remainder when 2286 is divided by 1085?
116
Calculate the remainder when 54325 is divided by 4.
1
Calculate the remainder when 103482 is divided by 168.
162
Calculate the remainder when 756320 is divided by 59.
58
Calculate the remainder when 94890 is divided by 23669.
214
Calculate the remainder when 42534 is divided by 25.
9
Calculate the remainder when 12040 is divided by 2405.
15
What is the remainder when 543 is divided by 537?
6
Calculate the remainder when 170965 is divided by 43.
40
What is the remainder when 117937 is divided by 991?
8
Calculate the remainder when 1533 is divided by 1489.
44
What is the remainder when 2133278 is divided by 17?
16
Calculate the remainder when 749023 is divided by 28.
23
Calculate the remainder when 144558 is divided by 104.
102
What is the remainder when 3207 is divided by 3196?
11
Calculate the remainder when 1045289 is divided by 348429.
2
What is the remainder when 311 is divided by 298?
13
Calculate the remainder when 17064 is divided by 3231.
909
Calculate the remainder when 53395 is divided by 971.
961
Calculate the remainder when 14049 is divided by 29.
13
Calculate the remainder when 30112 is divided by 67.
29
Calculate the remainder when 3642 is divided by 1211.
9
Calculate the remainder when 3307 is divided by 1052.
151
What is the remainder when 41173 is divided by 104?
93
What is the remainder when 143437 is divided by 880?
877
Calculate the remainder when 8628 is divided by 1059.
156
Calculate the remainder when 23573 is divided by 7851.
20
Calculate the remainder when 1324 is divided by 217.
22
Calculate the remainder when 25298 is divided by 8410.
68
Calculate the remainder when 11261 is divided by 75.
11
What is the remainder when 3098 is divided by 67?
16
What is the remainder when 69266 is divided by 1775?
41
Calculate the remainder when 84165 is divided by 84153.
12
Calculate the remainder when 646 is divided by 12.
10
What is the remainder when 17741 is divided by 521?
27
Calculate the remainder when 5205 is divided by 1099.
809
Calculate the remainder when 63782 is divided by 28.
26
Calculate the remainder when 307 is divided by 250.
57
Calculate the remainder when 21383 is divided by 178.
23
Calculate the remainder when 7310 is divided by 3639.
32
Calculate the remainder when 633795 is divided by 544.
35
Calculate the remainder when 9485 is divided by 499.
4
What is the remainder when 748827 is divided by 545?
542
Calculate the remainder when 5793 is divided by 50.
43
Calculate the remainder when 4470 is divided by 4398.
72
Calculate the remainder when 2776 is divided by 1656.
1120
Calculate the remainder when 109907 is divided by 1717.
19
Calculate the remainder when 5276 is divided by 69.
32
What is the remainder when 1683 is divided by 11?
0
What is the remainder when 25895 is divided by 2039?
1427
Calculate the remainder when 95281 is divided by 95270.
11
Calculate the remainder when 27397 is divided by 2.
1
What is the remainder when 2779 is divided by 1389?
1
Calculate the remainder when 47140 is divided by 1232.
324
Calculate the remainder when 5122 is divided by 535.
307
Calculate the remainder when 49431 is divided by 1829.
48
Calculate the remainder when 9765 is divided by 20.
5
Calculate the remainder when 28129 is divided by 628.
497
Calculate the remainder when 4166 is divided by 122.
18
Calculate the remainder when 17893 is divided by 131.
77
Calculate the remainder when 283846 is divided by 35.
31
Calculate the remainder when 40189 is divided by 401.
89
Calculate the remainder when 300168 is divided by 100048.
24
Wh